).
5
What is -6 + (3 - (2 - 1)) - -7?
3
What is 6 + -3 + (2 - 9)?
-4
-7 - (3 - (3 + (-2 - -9)))
0
Evaluate 4 - (6 - (-3 - (3 + -9))).
1
What is the value of 6 + (-7 - -9) + (-3 - -2)?
7
What is 4 + (-3 + 1 - (19 - 22))?
5
-1 - 11 - (25 - 32)
-5
What is the value of (12 - 22) + 3 + 8?
1
Evaluate -7 + (4 - (2 + 0)).
-5
4 - (-3 + -2 + 6)
3
What is the value of 14 + (-1 - 8 - 5)?
0
Calculate -22 - -24 - (3 + 2 + -1).
-2
3 + (-4 - (-6 + -1) - 2)
4
Calculate -1 + 0 + 0 + 1.
0
2 - (0 + 8 + -3 + -7)
4
Evaluate -3 + (-1 + 1 + 1 - -1).
-1
(7 - 5 - (3 + 0)) + -2
-3
Calculate 3 + 1 + 2 + -4.
2
Evaluate (4 - 7) + (0 - 0) - -5.
2
3 - (0 + 0) - (78 - 69)
-6
What is the value of (-5 - (2 - 13)) + -14?
-8
Evaluate -7 - (-4 + -3) - 0.
0
Evaluate -1 + 4 - 1 - -1.
3
Evaluate 1 + (1 - (2 + (-4 - -3))).
1
What is the value of 9 - (-6 - (7 - 21))?
1
Calculate (-11 - (-10 - -3)) + -2 + 10.
4
Evaluate -3 + (-3 - -9) + (-17 - -18).
4
Calculate (7 - 2) + (3 - (0 - -5)).
3
1 - (5 + (-4 - -6))
-6
What is 5 - (-4 - (2 - 9) - 3)?
5
What is the value of 2 + 1 + -1 + -6?
-4
-1 + (-4 - (-10 - -2))
3
What is the value of (7 - (2 + 3)) + -6 + 2?
-2
Calculate 6 - 9 - (-6 - (1 + -3)).
1
Evaluate -2 - (-5 + 11 + 1) - -2.
-7
Calculate -8 - -7 - (1 - -1).
-3
What is 7 - (9 - (6 + -8))?
-4
Calculate 12 - (0 - (-8 + -3)).
1
What is -1 + (7 + -3 - 0)?
3
What is -2 + (-5 - -12) + -1?
4
0 + 7 + -1 - (229 + -227)
4
Calculate (-2 - 0) + (2 + 3 - 1).
2
What is 6 + (-7 + 1 - (6 + -11))?
5
(0 - -2 - 0) + -6
-4
Calculate (2 - 13 - -6) + 9.
4
-4 + -2 - -2 - (-23 + 24)
-5
-5 + -2 + 0 + 11
4
What is (-59 - -60) + (-2 - 0 - -3)?
2
What is 1 - ((14 - 6) + 2 + -5)?
-4
Evaluate -5 - (-1 + -5) - (3 + -2).
0
What is (5 - 4) + -3 + 5?
3
What is (-4 + 1 - -8) + 3?
8
Evaluate (0 - 3) + 2 + 6 + 0.
5
4 + (-3 - (0 + -3) - 4)
0
What is -1 + -10 + 3 + 5?
-3
7 - (1 - -4) - 0
2
What is 9 - 10 - (2 + -2 + 1)?
-2
Calculate 12 + -3 + (9 + -8 - 6).
4
Evaluate -2 + (-6 - -6 - 0).
-2
(-40 - -49) + (-3 - 3)
3
Calculate 7 + (2 - 2 - 2).
5
Calculate -1 - (31 - 25 - (16 + -2)).
7
Calculate (1 - (-12 + 4)) + -1.
8
What is -4 + 3 + -1 - -1?
-1
What is the value of (10 - 5 - (4 - 0)) + -8?
-7
0 - (2 + 3) - 0
-5
What is the value of -3 + (-5 - -1 - (19 - 24))?
-2
What is 5 + -2 + (-3 - -4) + -9?
-5
What is -1 + 2 - (-23 - -23)?
1
What is the value of 6 - 0 - 7 - -6 - 10?
-5
What is (0 - -1) + (18 - 23)?
-4
1 + 16 - (-14 + 24)
7
What is the value of -3 + 2 + (2 - 1)?
0
What is the value of 8 - 0 - (-1 + 3)?
6
-3 + (6 - 0 - 2)
1
Calculate (-2 - -12) + (12 - 13).
9
What is the value of -1 + 1 - (1 - -2 - 0)?
-3
Calculate -3 + 0 + 3 + 5.
5
(1 - (-9 + 6)) + (-5 - 0)
-1
Calculate 6 - (11 - (2 - 2)).
-5
What is the value of 17 + -15 + 20 + -13?
9
What is 1 + 0 + 3 + 0 - 3?
1
What is the value of 0 + -2 + 2 + 1 + 1?
2
What is -14 + -1 + (2 - -10) + -8?
-11
What is -1 + 13 + (50 - 72)?
-10
Evaluate -2 - ((12 - 19) + -2).
7
-16 + 22 - (5 + 3)
-2
Calculate 3 + -14 - (4 - 12).
-3
Calculate 8 - (3 + 3 + -3).
5
Calculate (-7 - -3) + (3 - (4 - 3)).
-2
What is the value of -22 - -9 - (0 + -5)?
-8
What is (131 - 133) + (1 - -9)?
8
Calculate 22 + -26 + (0 - 0).
-4
Evaluate 2 - -1 - (-1 - 0 - -4).
0
Evaluate 0 + (2 - 4) + 0.
-2
Evaluate (1 - -2 - (20 - 21)) + -3.
1
(15 - 22) + (1 - -3)
-3
Evaluate 2 - 8 - (-4 - (-5 - -5)).
-2
What is the value of 3 - (-1 - 5 - -11)?
-2
What is the value of -5 + 5 + 1 + 6 + -16?
-9
What is 5 + 3 + -3 + -1 + -2?
2
1 - -2 - ((5 - 2) + 6)
-6
12 - (3 + 11 + -11)
9
What is 44 + -37 - (0 - -2 - 1)?
6
What is the value of -1 - (2 + -10) - (54 - 53)?
6
What is 7 - (8 - (5 - 2)) - 6?
-4
What is (-2 + -2 - -7) + (1 - -1)?
5
Evaluate 8 - (6 - (-3 - -4 - -1)).
4
6 - (5 - 10 - -10)
1
What is 15 - (-5 - -14) - 5?
1
What is -2 - 3 - -1 - -2?
-2
What is the value of (-3 - (-11 - -3)) + -8?
-3
Evaluate 4 - (-3 - 0 - -5).
2
Evaluate (2 - (4 - 1)) + 3.
2
Calculate -6 + (4 - 4) - (0 + -7).
1
What is the value of -9 - 1 - (-2 + -11 + 11)?
-8
-14 + -1 - (6 + -18)
-3
Evaluate 5 + -7 + -3 + 1 - 4.
-8
What is the value of (6 - -4) + -9 + 1?
2
What is (6 - (5 + -7)) + -4?
4
Calculate 0 + -4 - -6 - -6.
8
Evaluate (2 - 0) + (-6 + 16 - 9).
3
Calculate -6 + 2 + (-2 - -6) - -6.
6
What is 3 - (-3 - (-7 - -6))?
5
What is 6 - (-9 + -4 + 12)?
7
2 + 0 + (-5 - -7) + -2
2
Calculate 0 + -4 + -4 - (1 - 4).
-5
Evaluate 0 + -3 - (0 + 17 - 14).
-6
-12 + 11 - (1 - 3)
1
What is -2 + 9 - (-3 + 5)?
5
What is 6 + (7 - 13 - -2)?
2
What is 2 - -4 - (-23 - -23)?
6
What is the value of 0 + (-1 - (0 - 0)) + 0?
-1
What is the value of (-1 - 0) + (3 - (0 + 2))?
0
What is the value of (1 - -7) + -1 - 9?
-2
Evaluate (-4 - (0 - 2)) + -2.
-4
What is -4 - (-6 - (0 - (-3 - -9)))?
-4
Calculate 9 + -26 + (11 - 3).
-9
What is -6 - (-6 + 6) - -6?
0
Calculate (-4 - -9) + -2 + 2.
5
1 + 4 - (15 + -7)
-3
Calculate (-6 - -7) + (4 - 2).
3
What is 0 + 2 - (4 + 0)?
-2
What is (530 - 522) + (-1 - 0 - 1)?
6
What is 0 + -7 + 1 - (3 - 4)?
-5
-199 + 196 + 0 + (-1 - -2)
-2
What is 12 + (-5 - 25) - -10?
-8
Evaluate -4 + (5 + -3 - -3).
1
Evaluate 2 + (-2 + -3 - 2).
-5
What is the value of 3 + (-1 + 0 - (-5 + 7))?
0
Calculate (3 - -2) + 5 + -11.
-1
What is the value of -5 + 8 + -8 - -4?
-1
Calculate (-3 - (2 - 11)) + -4.
2
Calculate 4 + (-4 - -7 - 3) - 7.
-3
What is the value of (-6 - 0) + 9 + 0 + 0?
3
Evaluate -5 + 5 - -3 - -1.
4
Evaluate (0 - -4) + -7 - 2.
-5
What is -3 + (2 - -5) + 1?
5
What is the value of -5 + 4 + 3 + (-3 - 0)?
-1
Evaluate (0 - -1) + -7 + 6.
0
Calculate 2 - (-1 + -2) - 2.
3
What is (3 - 3 - -4) + -5 + -2?
-3
Calculate 7 + (-4 - -2) - (-215 - -215).
5
Evaluate 6 + -8 + 1 + 3.
2
What is the value of -1 - -4 - (-2 - (4 - 13))?
-4
Calculate -10 + (4 - 0) + 4.
-2
What is 7 + -8 - (8 + -2)?
-7
What is the value of -17 + 16 - (2 + 1)?
-4
What is (9 - (-10 + 20)) + (-3 - 1)?
-5
-7 + 16 + 5 + -14 - 2
-2
What is 3 + (4 + -4 - -3 - 1)?
5
Evaluate (-33 - -31) + 3 + (0 - -2).
3
What is the value of -4 + -5 + 4 + -1 + 4?
-2
What is 2 - -4 - (12 - 7)?
1
-6 - -4 - (0 + -1)
-1
Calculate 5 - (0 - 0) - 4.
1
Evaluate -1 - (-3 + -1) - (-64 + 71).
-4
What is the value of -4 - (-4 + -7 + 3)?
4
-2 + 1 + (-4 - -2) + 3
0
What is the value of (18 - 7) + -13 + (-1 - 2)?
-5
0 + -7 + (-5 - -11)
-1
What is 5 - (8 - (8 + -1))?
4
What is (-9 - -8) + -4 + 1 + 3?
-1
Evaluate -58 - -42 - (-9 - 1).
-6
Evaluate 39 + -40 + (-1 - 3).
-5
What is the value of 0 - ((-1 - 0) + 0 + -2)?
3
What is 356 - 355 - (1 - -2 - 1)?
-1
Evaluate (-8 - -9) + 3 + -2.
2
Calculate 1 - ((4 - 5) + -3).
5
What is (39 - 45) + (5 - -1)?
0
What is (1 - 2 - 4 - -2) + 4?
1
What is the value of 5 + (-8 + 3 - 1 - 2)?
-3
2 + (2 - 3) - (-3 - -3)
1
Evaluate 5 - ((1 - -6) + -1) - 5.
-6
Evaluate -1 + 2 + 6 + -1 + -2.
4
What is 6 - -1 - (-3 + 4 - -2)?
4
Calculate -3 + -1 + (0 - -4) + -1.
-1
Calculate -3 + -3 + (4 + 0 - 2).
-4
Evaluate -1 + (3 - 5 - -1) + 6.
4
-3 - ((-10 - -2) + (6 - -5))
-6
Calculate 2 - 1 - (5 + 2 + -6).
0
Evaluate (1 - -2) + (-5 - (-3 + 1)).
0
Evaluate 2 + -2 + (0 - 1) + 2.
1
What is (-1 - -11) + (-3 - 5)?
2
What is the value of -3 + 1 - -6 - -1?
5
What is -1 - (2 + 2) - (-3 - 1)?
-1
What is the value of -2 - -1 - (-40 - -37)?
2
What is the value of (-3 - (2 + -3)) + 4?
2
What is 17 + -11 + 8 + -7?
7
Calculate (-1 - -3 - (-3 - -6)) + -1.
-2
Evaluate -10 + -16 + 14 - -12.
0
(-6 - 12 - -18) + (1 - -1)
2
Calculate -8 + 5 - -6 - 2.
1
Evaluate -4 + 10 + (-11 - 2) + 0.
-7
What is the value of -2 + 0 + (0 - -2)?
0
13 + -13 + (-1 - 1) + 1
-1
Calculate -4 - ((5 - (3 - 1)) + -6).
-1
What is the value of (5 - (-8 - -11)) + -7?
-5
-16 - -1 - (168 - 178)
-5
Evaluate (-6 - -9) + -1 + 2 + 0.
4
5 - 9 - (0 - (-2 + 2))
-4
What is the value of (-3 - (-7 - 4)) + -12?
-4
Evaluate 3 + (2 + 2 - 7).
0
2 - (0 + -2 + 3)
1
What is -18 - -17 - (-6 + 0)?
5
Calculate 7 + (8 + -15 - 5).
-5
What is -1 + (0 - (-1 - (-2 - 0)))?
-2
What is 2 - ((7 - 6) + (3 - -1))?
-3
Calculate 10 + -14 + (1 - -2).
-1
What is the value of (2 + -1 - 0) + -4?
-3
What is 6 + -1 + -13 + 4 + 1?
-3
What is the value of 9 - (-9 + (7 - -8))?
3
What is the value of -1 + -2 + 0 + 5?
2
Evaluate (4 - (0 + 0 - -3)) + -1.
0
What is the value of (5 - (6 + -3)) + 0?
2
What is 4 - (-3 + 5 + 4)?
-2
Calculate -2 - -2 - 7 - 2.
-9
What is 2 + (0 - (-4 - -2))?
4
Evaluate 0 + 1 + (7 - (3 - 0)).
5
